e ten thousands digit of 2639192?
3
What is the millions digit of 1738907?
1
What is the ten thousands digit of 1577664?
7
What is the hundreds digit of 461036?
0
What is the thousands digit of 158874?
8
What is the millions digit of 4072995?
4
What is the ten thousands digit of 3753927?
5
What is the hundred thousands digit of 25866049?
8
What is the ten thousands digit of 166486?
6
What is the ten thousands digit of 514519?
1
What is the thousands digit of 6313926?
3
What is the hundreds digit of 11978216?
2
What is the hundreds digit of 210426?
4
What is the units digit of 4125655?
5
What is the units digit of 202643?
3
What is the millions digit of 4775342?
4
What is the thousands digit of 2241180?
1
What is the units digit of 714079?
9
What is the tens digit of 16633606?
0
What is the ten thousands digit of 174829?
7
What is the hundreds digit of 1554006?
0
What is the tens digit of 482474?
7
What is the ten thousands digit of 25740912?
4
What is the hundreds digit of 3997205?
2
What is the hundreds digit of 117621?
6
What is the hundreds digit of 3536?
5
What is the ten thousands digit of 114138?
1
What is the hundreds digit of 121639?
6
What is the hundreds digit of 712813?
8
What is the tens digit of 1540544?
4
What is the ten thousands digit of 9856446?
5
What is the millions digit of 1333612?
1
What is the units digit of 39931?
1
What is the hundreds digit of 530392?
3
What is the hundreds digit of 2902660?
6
What is the millions digit of 35381896?
5
What is the hundred thousands digit of 317725?
3
What is the thousands digit of 2136628?
6
What is the tens digit of 672324?
2
What is the thousands digit of 737442?
7
What is the units digit of 5006337?
7
What is the ten thousands digit of 2207028?
0
What is the hundred thousands digit of 974018?
9
What is the tens digit of 3295266?
6
What is the ten millions digit of 10029756?
1
What is the ten thousands digit of 4987635?
8
What is the tens digit of 271647?
4
What is the hundreds digit of 7972?
9
What is the tens digit of 2594063?
6
What is the thousands digit of 2076991?
6
What is the hundred thousands digit of 1654387?
6
What is the tens digit of 155621?
2
What is the hundreds digit of 1916606?
6
What is the hundreds digit of 28887332?
3
What is the hundreds digit of 4049709?
7
What is the hundred thousands digit of 25396661?
3
What is the tens digit of 5443240?
4
What is the hundreds digit of 595373?
3
What is the units digit of 9817563?
3
What is the ten thousands digit of 2487663?
8
What is the tens digit of 1919309?
0
What is the tens digit of 218242?
4
What is the ten thousands digit of 754664?
5
What is the units digit of 63738?
8
What is the tens digit of 91539?
3
What is the hundred thousands digit of 198337?
1
What is the tens digit of 59702?
0
What is the units digit of 3916099?
9
What is the thousands digit of 794308?
4
What is the units digit of 4584859?
9
What is the thousands digit of 379699?
9
What is the tens digit of 176593?
9
What is the thousands digit of 160693?
0
What is the ten thousands digit of 53923?
5
What is the tens digit of 5056958?
5
What is the hundreds digit of 233607?
6
What is the millions digit of 3928223?
3
What is the tens digit of 1701755?
5
What is the ten thousands digit of 6145869?
4
What is the millions digit of 2995050?
2
What is the tens digit of 1300795?
9
What is the thousands digit of 63720?
3
What is the ten thousands digit of 8836618?
3
What is the tens digit of 24287?
8
What is the thousands digit of 366416?
6
What is the tens digit of 6490867?
6
What is the ten thousands digit of 265796?
6
What is the thousands digit of 2526683?
6
What is the thousands digit of 402203?
2
What is the hundreds digit of 1711830?
8
What is the units digit of 440797?
7
What is the units digit of 205967?
7
What is the tens digit of 6693827?
2
What is the thousands digit of 6008690?
8
What is the tens digit of 78744?
4
What is the millions digit of 1470804?
1
What is the millions digit of 1064443?
1
What is the units digit of 10228546?
6
What is the thousands digit of 496047?
6
What is the thousands digit of 8754436?
4
What is the units digit of 1618791?
1
What is the ten thousands digit of 7356567?
5
What is the thousands digit of 7982489?
2
What is the millions digit of 10334192?
0
What is the units digit of 1967714?
4
What is the thousands digit of 289194?
9
What is the tens digit of 9819038?
3
What is the hundred thousands digit of 2860432?
8
What is the ten thousands digit of 1885807?
8
What is the thousands digit of 143707?
3
What is the thousands digit of 252055?
2
What is the hundred thousands digit of 526373?
5
What is the tens digit of 175201?
0
What is the hundreds digit of 782469?
4
What is the hundreds digit of 1592297?
2
What is the tens digit of 2996?
9
What is the ten millions digit of 14630618?
1
What is the millions digit of 13210779?
3
What is the ten thousands digit of 394267?
9
What is the ten thousands digit of 264002?
6
What is the hundreds digit of 5909388?
3
What is the ten thousands digit of 87157?
8
What is the ten millions digit of 10737859?
1
What is the thousands digit of 401905?
1
What is the units digit of 19796500?
0
What is the tens digit of 329204?
0
What is the hundred thousands digit of 621598?
6
What is the hundred thousands digit of 392165?
3
What is the thousands digit of 23536994?
6
What is the tens digit of 178329?
2
What is the hundred thousands digit of 1990912?
9
What is the hundreds digit of 5541808?
8
What is the ten thousands digit of 12326238?
2
What is the hundreds digit of 16682441?
4
What is the thousands digit of 233447?
3
What is the hundreds digit of 326066?
0
What is the millions digit of 5066599?
5
What is the millions digit of 4753023?
4
What is the hundreds digit of 735310?
3
What is the units digit of 1221009?
9
What is the hundreds digit of 92658?
6
What is the units digit of 1547575?
5
What is the hundred thousands digit of 10982665?
9
What is the ten thousands digit of 847267?
4
What is the units digit of 6020738?
8
What is the units digit of 2274461?
1
What is the ten thousands digit of 1394076?
9
What is the ten thousands digit of 8336052?
3
What is the hundred thousands digit of 5609191?
6
What is the hundreds digit of 587647?
6
What is the millions digit of 3099901?
3
What is the ten thousands digit of 117775?
1
What is the millions digit of 1518441?
1
What is the ten thousands digit of 13883528?
8
What is the thousands digit of 4246129?
6
What is the thousands digit of 840998?
0
What is the millions digit of 4648415?
4
What is the thousands digit of 206661?
6
What is the thousands digit of 8405272?
5
What is the ten thousands digit of 10175011?
7
What is the millions digit of 8829242?
8
What is the hundreds digit of 295087?
0
What is the ten thousands digit of 155121?
5
What is the tens digit of 533250?
5
What is the millions digit of 9898243?
9
What is the ten thousands digit of 222750?
2
What is the tens digit of 7064893?
9
What is the hundreds digit of 233938?
9
What is the tens digit of 7610143?
4
What is the millions digit of 3810637?
3
What is the tens digit of 1975481?
8
What is the thousands digit of 420901?
0
What is the hundreds digit of 2484828?
8
What is the millions digit of 3263470?
3
What is the ten millions digit of 14704293?
1
What is the thousands digit of 457966?
7
What is the hundred thousands digit of 5426991?
4
What is the tens digit of 426896?
9
What is the units digit of 3545349?
9
What is the tens digit of 24323421?
2
What is the tens digit of 38715?
1
What is the thousands digit of 11513163?
3
What is the millions digit of 3168587?
3
What is the ten thousands digit of 2856197?
5
What is the millions digit of 26232799?
6
What is the hundreds digit of 25573?
5
What is the ten thousands digit of 872778?
7
What is the hundred thousands digit of 907958?
9
What is the units digit of 16131972?
2
What is the hundred thousands digit of 8358486?
3
What is the millions digit of 4132720?
4
What is the hundreds digit of 706115?
1
What is the thousands digit of 432075?
2
What is the thousands digit of 2043581?
3
What is the hundred thousands digit of 11443182?
4
What is the units digit of 17488167?
7
What is the thousands digit of 6639193?
9
What is the tens digit of 140571